1300201
What is 223223210 (base 4) in base 11?
112471
10842 (base 11) to base 7
63433
What is -1001000101011100110111 (base 2) in base 8?
-11053467
Convert -422244 (base 5) to base 8.
-33372
Convert 10100111110011111 (base 2) to base 6.
1501435
200131111103 (base 4) to base 3
121000021211002
Convert 1764588 (base 10) to base 16.
1aecec
What is 1123033222 (base 4) in base 5?
43424423
Convert 554826 (base 9) to base 15.
683e3
Convert 262678 (base 9) to base 6.
3230155
What is -25a78 (base 13) in base 14?
-1b688
Convert -120323022232 (base 4) to base 3.
-110021221200211
-4011026 (base 7) to base 12
-1a9b28
Convert -3517656 (base 8) to base 12.
-3a2752
What is 26571 (base 10) in base 2?
110011111001011
What is 3133917 (base 10) in base 6?
151100513
What is 1031003111 (base 4) in base 5?
40044410
Convert 25794a (base 11) to base 16.
63107
What is 6311145 (base 7) in base 15?
eede6
Convert 340322114 (base 5) to base 15.
1e80a9
1146544 (base 7) to base 4
203233123
-221101220 (base 4) to base 6
-3342412
Convert 76908 (base 16) to base 9.
820150
What is 22122020201 (base 3) in base 15?
355ad
13a6e (base 16) to base 9
132367
Convert 438c19 (base 13) to base 16.
1844d1
What is 11436211 (base 7) in base 9?
1821124
Convert -22330043 (base 7) to base 15.
-284c5e
What is -10011111100011111 (base 2) in base 3?
-11011001202
168a0 (base 16) to base 9
150567
Convert 1152361 (base 7) to base 8.
437611
Convert -6616445 (base 7) to base 10.
-811424
1668b3 (base 16) to base 14
2a32b9
Convert 42282 (base 10) to base 2.
1010010100101010
-61964 (base 12) to base 15
-27bb1
542705 (base 8) to base 9
306220
What is 6b91b9 (base 16) in base 2?
11010111001000110111001
Convert -4053305 (base 6) to base 9.
-324835
1541618 (base 10) to base 12
624182
What is 100312231 (base 5) in base 7?
3256632
-1001100021110 (base 3) to base 8
-2101476
Convert 317474 (base 8) to base 4.
121330330
462a31 (base 11) to base 2
10110011101011010100
Convert -14130514 (base 6) to base 5.
-110302124
-1133023144 (base 5) to base 8
-12012162
Convert -220011 (base 9) to base 4.
-200002132
Convert -12222010 (base 3) to base 9.
-5863
What is 4e9be (base 15) in base 16?
3d832
4124232 (base 9) to base 3
11010211021002
Convert -8b464 (base 12) to base 13.
-665bc
Convert -2201153 (base 7) to base 13.
-95798
Convert 147197b (base 12) to base 4.
33300030233
Convert 37314 (base 15) to base 11.
110417
What is -121212210221 (base 3) in base 2?
-1010001000111111111
-1010110000110001100 (base 2) to base 8
-1260614
-10282337 (base 9) to base 10
-4955290
Convert 1181e (base 15) to base 8.
155025
What is 15320410 (base 6) in base 15?
a9bc6
What is -322441 (base 6) in base 2?
-110011110011001
Convert 7528725 (base 9) to base 5.
2013104001
-862420 (base 9) to base 6
-15001330
Convert 166029a (base 11) to base 2.
1010110001111101010000
225461 (base 12) to base 5
120022200
426187 (base 9) to base 4
331332130
Convert 9ce6c (base 15) to base 12.
200ba9
Convert 11110021220111 (base 3) to base 9.
4407814
Convert 1001100000111010 (base 2) to base 12.
1a676
-647 (base 15) to base 2
-10110001001
Convert -351256 (base 8) to base 10.
-119470
13121605 (base 7) to base 4
10210222111
Convert 1121230221 (base 4) to base 8.
1315451
54715 (base 13) to base 10
152794
-11322030313 (base 4) to base 14
-2c478b
-2121112220 (base 3) to base 2
-1100100011101000
What is 12431200 (base 7) in base 14?
217237
What is -100111010000010111101111 (base 2) in base 11?
-5899596
What is -67 (base 9) in base 2?
-111101
Convert 305765 (base 10) to base 13.
a9235
Convert 656333 (base 8) to base 13.
79403
What is -174296a (base 12) in base 8?
-22275342
-2067623 (base 10) to base 9
-3801218
What is 10010111010000010111110 (base 2) in base 6?
254122022
What is 14828 (base 16) in base 15?
19d58
What is 66117 (base 9) in base 7?
241543
37c5a (base 13) to base 16
192fd
Convert -1832469 (base 10) to base 2.
-110111111011000010101
Convert 4614433 (base 7) to base 14.
10d9c3
Convert 4531444 (base 6) to base 12.
b0b84
-4842620 (base 11) to base 3
-120212121212122
-710a2 (base 11) to base 15
-20bda
-210220010002022 (base 3) to base 8
-54304326
-2742646 (base 8) to base 10
-771494
541135 (base 11) to base 12
358911
Convert -5403 (base 15) to base 2.
-100010101110010
Convert -31565627 (base 8) to base 11.
-3897673
Convert -97212 (base 12) to base 11.
-12658a
What is 14333421 (base 5) in base 13?
54471
Convert -26b7c (base 15) to base 5.
-12432332
Convert 179387 (base 14) to base 2.
11001011001010001011
What is 21122022121 (base 3) in base 10?
150406
Convert -26a841 (base 12) to base 6.
-21421321
-22003331 (base 4) to base 10
-41213
Convert 31555044 (base 6) to base 9.
1671661
Convert 4340 (base 10) to base 8.
10364
What is -101011100001000011000 (base 2) in base 5?
-331112234
a4039 (base 12) to base 5
23324232
-14aad (base 16) to base 14
-22bc9
Convert 1067445 (base 9) to base 6.
20203535
Convert 4f07 (base 16) to base 12.
b85b
-110101001100011 (base 2) to base 16
-6a63
-5555212 (base 6) to base 14
-73d7a
What is -8369 (base 13) in base 11?
-12719
-100101111111010011010 (base 2) to base 3
-2100020120200
Convert -1001111111000100 (base 2) to base 10.
-40900
What is 1001111010021 (base 3) in base 16?
88e31
What is -50a56 (base 13) in base 8?
-432266
What is 1111101101011011100000 (base 2) in base 15?
565345
-321b02a (base 12) to base 15
-c786b4
What is -1366 (base 11) in base 13?
-a5b
What is -40031330 (base 6) in base 5?
-241431344
What is -3920650 (base 10) in base 16?
-3bd30a
-3022323 (base 4) to base 13
-5bb0
What is 1237153 (base 9) in base 5?
133040304
Convert 122310132112 (base 4) to base 7.
113521414
-8ab23 (base 12) to base 9
-311420
280303 (base 9) to base 11
107392
-46706474 (base 8) to base 12
-34b7538
Convert -6146c (base 16) to base 11.
-2523a2
-1405457 (base 11) to base 2
-1001001111100010110110
What is -1001112101012 (base 3) in base 16?
-891c5
What is -21a346 (base 11) in base 10?
-350466
-b9db4 (base 16) to base 4
-2321312310
What is -13522707 (base 8) in base 7?
-34661546
Convert -6ba922 (base 12) to base 9.
-3241358
Convert 10000110111011 (base 2) to base 12.
4bb7
What is -2221201222000 (base 3) in base 13?
-42c507
What is 17867 (base 15) in base 3?
10212110021
5161c (base 15) to base 6
5305513
What is -12322003213 (base 4) in base 14?
-351c11
What is -110001111011111111110 (base 2) in base 6?
-55023410
What is -101000010011111001 (base 2) in base 14?
-4425b
10201654 (base 8) to base 16
2103ac
What is 41bd (base 14) in base 7?
45026
Convert 1170853 (base 11) to base 4.
13301012131
What is -64702 (base 10) in base 16?
-fcbe
-10623531 (base 8) to base 5
-1042210313
2202212200122 (base 3) to base 6
51331112
What is -15a93c (base 13) in base 10?
-537640
2793972 (base 10) to base 13
76a94c
-14526 (base 15) to base 11
-45061
Convert -31161242 (base 7) to base 16.
-27fa3a
What is 550243143 (base 6) in base 7?
146314266
What is -1101110000110110011 (base 2) in base 9?
-756575
What is 57955a (base 11) in base 8?
3405507
-661657 (base 11) to base 5
-232300041
-201212221221 (base 3) to base 13
-109231
-143202211 (base 5) to base 6
-24114324
1534400 (base 8) to base 14
b67ba
What is c6c6 (base 13) in base 4?
12232110
-3076444 (base 9) to base 10
-1644988
Convert 249913 (base 12) to base 16.
91ddf
What is 3989477 (base 11) in base 14?
cb6477
17338b9 (base 12) to base 9
10020486
12731 (base 9) to base 11
6521
-c51dae (base 16) to base 7
-214542235
What is 553175 (base 11) in base 3?
1122211202222
What is 1c0383 (base 15) in base 7?
14424246
Convert -6461305 (base 7) to base 11.
-499065
-8324d (base 16) to base 10
-537165
1235533 (base 6) to base 14
1a7a9
Convert -220341130 (base 5) to base 10.
-949540
Convert -123421414 (base 5) to base 15.
-c0109
Convert 22a6c4 (base 15) to base 3.
10010002121211
4067 (base 9) to base 7
11452
-175609 (base 13) to base 11
-369208
What is 13307674 (base 8) in base 7?
34244203
What is 120020103123 (base 4) in base 14?
ba92b1
What is -1a94125 (base 12) in base 9?
-11588042
Convert 10313222 (base 8) to base 14.
4142b0
What is 3b6397 (base 13) in base 11?
8a5325
What is -214993 (base 10) in base 15?
-43a7d
Convert 1671520 (base 10) to base 14.
317224
What is 2220101122 (base 3) in base 5?
3312044
Convert 20021311031 (base 4) to base